{"id":1692,"date":"2022-11-09T00:37:33","date_gmt":"2022-11-08T23:37:33","guid":{"rendered":"https:\/\/motto-ks.com\/?post_type=product&#038;p=1692"},"modified":"2022-11-10T09:09:13","modified_gmt":"2022-11-10T08:09:13","slug":"ngjites-per-leter-36gr-adel","status":"publish","type":"product","link":"https:\/\/motto-ks.com\/index.php\/product\/ngjites-per-leter-36gr-adel\/","title":{"rendered":"Ngjit\u00ebs p\u00ebr let\u00ebr 36gr ADEL"},"content":{"rendered":"<p>Ngjit\u00ebs p\u00ebr let\u00ebr 36gr ADEL<\/p>\n","protected":false},"excerpt":{"rendered":"<p>Ngjit\u00ebs p\u00ebr let\u00ebr 36gr ADEL<\/p>\n","protected":false},"featured_media":1674,"template":"","meta":{"jetpack_publicize_message":"","jetpack_is_tweetstorm":false,"jetpack_publicize_feature_enabled":true,"jetpack_social_options":[]},"product_cat":[76,86],"product_tag":[],"class_list":["post-1692","product","type-product","status-publish","has-post-thumbnail","hentry","product_cat-materiale-shkollore","product_cat-ngjites"],"jetpack_publicize_connections":[],"_links":{"self":[{"href":"https:\/\/motto-ks.com\/index.php\/wp-json\/wp\/v2\/product\/1692","targetHints":{"allow":["GET"]}}],"collection":[{"href":"https:\/\/motto-ks.com\/index.php\/wp-json\/wp\/v2\/product"}],"about":[{"href":"https:\/\/motto-ks.com\/index.php\/wp-json\/wp\/v2\/types\/product"}],"wp:featuredmedia":[{"embeddable":true,"href":"https:\/\/motto-ks.com\/index.php\/wp-json\/wp\/v2\/media\/1674"}],"wp:attachment":[{"href":"https:\/\/motto-ks.com\/index.php\/wp-json\/wp\/v2\/media?parent=1692"}],"wp:term":[{"taxonomy":"product_cat","embeddable":true,"href":"https:\/\/motto-ks.com\/index.php\/wp-json\/wp\/v2\/product_cat?post=1692"},{"taxonomy":"product_tag","embeddable":true,"href":"https:\/\/motto-ks.com\/index.php\/wp-json\/wp\/v2\/product_tag?post=1692"}],"curies":[{"name":"wp","href":"https:\/\/api.w.org\/{rel}","templated":true}]}}