{"id":2036,"date":"2022-11-13T19:49:26","date_gmt":"2022-11-13T18:49:26","guid":{"rendered":"https:\/\/motto-ks.com\/?post_type=product&#038;p=2036"},"modified":"2022-11-13T19:49:26","modified_gmt":"2022-11-13T18:49:26","slug":"mprehese-gome-adel","status":"publish","type":"product","link":"https:\/\/motto-ks.com\/index.php\/product\/mprehese-gome-adel\/","title":{"rendered":"Mpreh\u00ebse + Gom\u00eb Adel"},"content":{"rendered":"<p>Mpreh\u00ebse + Gom\u00eb Adel<\/p>\n","protected":false},"excerpt":{"rendered":"<p>Mpreh\u00ebse + Gom\u00eb Adel<\/p>\n","protected":false},"featured_media":2038,"template":"","meta":{"jetpack_publicize_message":"","jetpack_is_tweetstorm":false,"jetpack_publicize_feature_enabled":true,"jetpack_social_options":[]},"product_cat":[76,81,83],"product_tag":[],"class_list":["post-2036","product","type-product","status-publish","has-post-thumbnail","hentry","product_cat-materiale-shkollore","product_cat-goma","product_cat-mprehese"],"jetpack_publicize_connections":[],"_links":{"self":[{"href":"https:\/\/motto-ks.com\/index.php\/wp-json\/wp\/v2\/product\/2036","targetHints":{"allow":["GET"]}}],"collection":[{"href":"https:\/\/motto-ks.com\/index.php\/wp-json\/wp\/v2\/product"}],"about":[{"href":"https:\/\/motto-ks.com\/index.php\/wp-json\/wp\/v2\/types\/product"}],"wp:featuredmedia":[{"embeddable":true,"href":"https:\/\/motto-ks.com\/index.php\/wp-json\/wp\/v2\/media\/2038"}],"wp:attachment":[{"href":"https:\/\/motto-ks.com\/index.php\/wp-json\/wp\/v2\/media?parent=2036"}],"wp:term":[{"taxonomy":"product_cat","embeddable":true,"href":"https:\/\/motto-ks.com\/index.php\/wp-json\/wp\/v2\/product_cat?post=2036"},{"taxonomy":"product_tag","embeddable":true,"href":"https:\/\/motto-ks.com\/index.php\/wp-json\/wp\/v2\/product_tag?post=2036"}],"curies":[{"name":"wp","href":"https:\/\/api.w.org\/{rel}","templated":true}]}}